*2 + 570*x - 9. Determine n(4).
95
Let z(m) = -102*m - 595. Determine z(-19).
1343
Let v(x) = 2052*x - 43132. Give v(21).
-40
Let m(h) = -h**3 - 20*h**2 - 1878*h - 33897. Determine m(-18).
-741
Let q(y) = y**3 + 64*y**2 + 633*y + 45370. What is q(-65)?
0
Let g(l) = -2037*l + 27799. What is g(14)?
-719
Let l(v) = 15059*v - 225881. Determine l(15).
4
Let b(w) = 112*w**3 + 3694*w**2 - 64*w + 43. What is b(-33)?
-23
Let f(c) = -5*c**2 - 276*c + 3072. What is f(11)?
-569
Let o(m) = -m**2 - 285*m - 19248. Determine o(-158).
818
Let n(f) = -f**3 + 66*f**2 - 2500*f + 41375. Calculate n(29).
-8
Let a(g) = 46*g + 11954. Determine a(-256).
178
Let u(x) = -2*x**3 + 30*x**2 + 47*x - 718. Determine u(15).
-13
Let r(z) = 23*z**2 + 628*z + 787. Calculate r(-26).
7
Let l(y) = -57*y**3 - 20*y**2 - 8*y - 27. Give l(-2).
365
Let h(d) = -8622*d + 336252. What is h(39)?
-6
Let i(u) = 4826*u - 19362. Determine i(4).
-58
Let m(h) = h**3 + 100*h**2 + 2278*h - 169. Give m(-65).
-364
Let h(w) = -19*w**3 - 4*w**2 - 21*w + 44. Calculate h(2).
-166
Let q(z) = -471600*z - 7074002. What is q(-15)?
-2
Let i(y) = 1267044*y + 7602270. Determine i(-6).
6
Let h(s) = -934*s - 164627. What is h(-176)?
-243
Let c(g) = -1022*g - 14629. Determine c(-12).
-2365
Let f(u) = u**3 + 103*u**2 - 228*u - 1828. Give f(-105).
62
Let g(u) = -873*u - 9594. What is g(-11)?
9
Let r(h) = h**3 + 301*h**2 + 3187*h - 652. Calculate r(-290).
218
Let u(o) = -82*o**2 + 2*o + 1. What is u(3)?
-731
Let i(v) = -50940*v - 254673. Give i(-5).
27
Let m(t) = 50*t**2 + 6651*t - 20272. Determine m(-136).
-8
Let c(w) = w**3 + 157*w**2 + 1618*w + 1758. Determine c(-146).
6
Let i(y) = y**2 + 22088*y - 110421. Determine i(5).
44
Let w(o) = 2*o**2 + 257*o + 6958. Determine w(-39).
-23
Let g(a) = -22676*a + 68033. Determine g(3).
5
Let v(d) = -2*d**2 - 37503*d - 374985. What is v(-10)?
-155
Let s(k) = 2*k**3 - 29*k**2 - 264*k - 9. What is s(16)?
-3465
Let b(i) = -224*i**3 + 13*i**2 - 7*i - 29. What is b(2)?
-1783
Let u(z) = -34*z**3 - 3*z**2 - 12775*z + 12776. Determine u(1).
-36
Let h(z) = -30*z**2 + 39*z - 135. What is h(5)?
-690
Let g(q) = 4*q**2 - 2792*q + 30247. Calculate g(11).
19
Let v(i) = i**2 + 59919*i + 479289. What is v(-8)?
1
Let k(l) = l**3 + 33*l**2 - 114*l - 1851. Give k(-6).
-195
Let q(z) = 1042*z**3 + 11464*z**2 + 35*z + 127. Give q(-11).
-16
Let k(b) = -2*b**2 - 17356*b + 34711. What is k(2)?
-9
Let r(c) = 71892*c - 143757. What is r(2)?
27
Let x(w) = -537*w - 4534. What is x(-8)?
-238
Let b(c) = 6283*c + 18853. What is b(-3)?
4
Let z(v) = -27*v - 10185. Determine z(-379).
48
Let j(t) = 8*t**2 + 6344*t - 4049583. What is j(418)?
1
Let x(s) = 3986*s - 3936. Determine x(1).
50
Let a(l) = 47*l**3 - 13*l**2 - 31*l + 101. Give a(2).
363
Let u(k) = -7*k**2 + 1034*k + 1077. What is u(150)?
-1323
Let r(p) = 4*p**2 - 522*p - 70901. Give r(-83).
-19
Let z(h) = -5*h**3 - 18*h**2 + 4300*h - 8509. What is z(2)?
-21
Let h(f) = 350*f + 4145. What is h(-9)?
995
Let y(h) = -24*h**2 + 59*h + 37. Determine y(10).
-1773
Let i(j) = -2*j**3 - 53*j**2 - 163*j - 1754. Give i(-24).
-722
Let n(f) = -17889*f - 1592133. Calculate n(-89).
-12
Let t(f) = -3546*f**2 - 645371*f + 198. Calculate t(-182).
16
Let i(j) = -j**3 + 90*j**2 - 824*j - 562. What is i(11)?
-67
Let r(k) = -k**3 - 211*k**2 - 7923*k + 2606. Give r(-162).
176
Let n(w) = 6*w**3 - 1663*w**2 + 8267*w - 18. Determine n(5).
492
Let p(n) = 2*n**3 - 209*n**2 - 274*n + 39395. What is p(104)?
83
Let i(j) = -34*j**2 + 177*j - 119. Give i(5).
-84
Let h(f) = 20154*f - 241338. Give h(12).
510
Let w(k) = 9106*k + 2340371. Calculate w(-257).
129
Let s(j) = -13*j**2 - 41*j + 11. Determine s(-3).
17
Let i(h) = h**3 - 7*h**2 - 408*h - 17. Determine i(-17).
-17
Let z(d) = 18104*d + 19842000. Give z(-1096).
16
Let j(d) = -d**3 + 16*d**2 - 199*d + 3000. Give j(16).
-184
Let r(v) = v**3 - 5*v**2 + 4985*v + 29891. What is r(-6)?
-415
Let y(n) = -2*n**2 - 793*n - 37533. Give y(-55).
32
Let y(d) = 2*d**3 - 332*d**2 - 212*d - 20383. Calculate y(167).
-9
Let s(l) = 37745*l + 528167. What is s(-14)?
-263
Let l(z) = z**2 - 249*z + 11039. What is l(57)?
95
Let j(u) = u**3 + 15*u**2 - 246984*u - 3211116. Give j(-13).
14
Let z(d) = -24*d**2 + 441*d - 1915. What is z(7)?
-4
Let j(c) = -5*c**3 + 130*c**2 + 3665*c - 435. What is j(43)?
-5
Let g(s) = -2*s**3 - 21*s**2 - 24*s + 68. What is g(-9)?
41
Let o(t) = 4941*t + 172808. What is o(-35)?
-127
Let g(d) = 2948219*d - 23585752. What is g(8)?
0
Let p(x) = -55877*x - 558744. What is p(-10)?
26
Let n(l) = -2*l**2 - 23782*l - 71347. Calculate n(-3).
-19
Let o(s) = s**2 + 252*s - 1514. Calculate o(6).
34
Let k(b) = -236*b + 59603. What is k(252)?
131
Let o(w) = -20*w**3 + 3*w**2 - w - 12. What is o(2)?
-162
Let n(b) = 3*b**3 + 89*b**2 + 719*b + 240. Calculate n(-9).
-1209
Let c(v) = -11*v**3 - 124*v**2 + 183*v + 1036. What is c(-12)?
-8
Let l(f) = 2011*f - 54275. Calculate l(27).
22
Let l(m) = -8940*m + 223495. Give l(25).
-5
Let x(d) = -1270*d - 205593. Calculate x(-162).
147
Let m(o) = o**3 - 522*o**2 + 17553*o - 27783. Calculate m(486).
-81
Let v(u) = u**3 + 238*u**2 - 482*u - 467. Give v(-240).
13
Let h(u) = -48*u**2 + 4672*u - 6138. Give h(96).
6
Let c(f) = -479*f - 26779. Determine c(-56).
45
Let r(y) = -y**2 + 316*y - 24777. What is r(113)?
-1838
Let w(t) = -t**3 - 7*t**2 + 376*t + 991. Give w(-22).
-21
Let k(d) = d**2 - 12117*d + 278157. Give k(23).
-5
Let s(y) = -2*y**3 + 7*y**2 + 407*y - 2337. Give s(6).
-75
Let z(u) = u**3 + 435*u**2 + 660*u - 89191. Determine z(-433).
7
Let h(j) = -15115*j - 14091. Calculate h(-1).
1024
Let u(k) = 2226*k**2 - 2177*k - 46. Determine u(1).
3
Let f(n) = 3*n**2 + 326*n + 2742. Give f(-10).
-218
Let x(s) = 163*s + 1057. Determine x(-7).
-84
Let b(r) = -12*r**2 - 2653*r + 1615. Calculate b(-222).
-827
Let c(l) = 8108*l + 105389. Give c(-13).
-15
Let a(c) = 1939869*c + 17458827. Calculate a(-9).
6
Let j(l) = 5*l**2 - 11686*l - 105202. What is j(-9)?
377
Let d(t) = 2*t**2 + 31*t - 111. Give d(5).
94
Let d(m) = 11*m**3 + 15*m**2 - 190*m - 155. Determine d(4).
29
Let t(a) = 15*a**3 + 3*a**2 + 657*a + 654. Give t(-1).
-15
Let z(v) = 13292*v + 3588857. Calculate z(-270).
17
Let o(r) = 2*r**3 - 98*r**2 + 100*r - 128. Give o(48).
64
Let s(h) = 955*h + 16096. What is s(-17)?
-139
Let b(l) = 1002*l + 21901. Determine b(-21).
859
Let r(z) = -z**2 + 108*z - 3807. What is r(68)?
-1087
Let d(y) = -16*y**2 - 2404*y - 20876. Calculate d(-9).
-536
Let z(r) = 380*r**2 - 2518*r + 1. Determine z(7).
995
Let v(i) = -i**2 + 5363*i + 26845. Give v(-5).
5
Let z(a) = 19*a**2 - 44*a - 1457. Calculate z(10).
3
Let r(n) = 15395*n - 77008. Calculate r(5).
-33
Let y(m) = 33*m + 318. Give y(0).
318
Let w(y) = -y**3 - 25*y**2 + 852*y + 21973. Determine w(-25).
673
Let d(l) = -2*l**3 - 186*l + 1362. What is d(8)?
-1150
Let t(o) = 3*o**2 - 1606*o - 317673. Calculate t(689).
-44
Let h(m) = -6*m**2 + 218*m + 1314. Give h(-6).
-210
Let t(u) = -382*u**2 - 48*u - 63. What is t(3)?
-3645
Let c(d) = -3016*d + 1318013. Calculate c(437).
21
Let o(q) = 5*q**3 - 55*q**2 - 278*q + 2. Calculate o(-5).
-608
Let u(x) = -x**3 - 25*x**2 - 239*x - 1658. What is u(-17)?
93
Let o(l) = -183*l - 7123. Calculate o(-35).
-718
Let l(u) = -9*u**2 - 280*u + 4548. Calculate l(12).
-108
Let x(v) = 2*v**2 - 7348*v - 58907. Determine x(-8).
5
Let u(p) = p**3 - 396*p**2 + 22832*p - 3927. Determine u(326).
-15
Let l(a) = a**3 + 96*a**2 - 115*a - 1886. Give l(-97).
-140
Let x(f) = -14*f**2 + 260*f + 339. Determine x(20).
-61
Let m(k) = -2*k**2 - 193*k - 3042. Give m(-79).
-277
Let o(v) = v**3 - 67*v**2 + 749*v - 421. What is o(53)?
-50
Let a(r) = r**3 - 64*r**2 + 49*r + 8197. Give a(61).
23
Let o(l) = -779*l**2 + 68562*l - 884. Give o(88).
-4
Let w(s) = 2*s**2 + 349*s + 198. Calculate w(-172).
-662
Let h(n) = -121*n**2 + 115*n - 750. Calculate h(5).
-3200
Let c(l) = -17595*l - 89035. Determine c(-5).
-1060
Let r(l) = 5*l**2 + 1612*l + 129367. What is r(-151)?
-40
Let x(j) = 49*j**2 - 62*j - 1387. Give x(6).
5
Let v(p) = p**3 - 26*p**2 - 6*p - 785. Give v(26).
-941
Let b(c) = c**2 + 1670*c + 29733. Calculate b(-18).
-3
Let s(c) = -6*c**3 - 458*c**2 + 279*c - 2229. Calculate s(-77).
4
Let a(t) = -4453120*t + 31171836. What is a(7)?
-4
Let k(f) = 4*f**3 - 234*f**2 + 356*f - 900.